70348?
False
Does 34 divide 156819?
False
Is 2808780 a multiple of 169?
True
Is 4 a factor of 166938?
False
Is 17 a factor of 517888?
True
Does 15 divide 849522?
False
Does 153 divide 235620?
True
Is 17 a factor of 3869931?
True
Does 5 divide 4302741?
False
Is 31 a factor of 6496?
False
Does 3 divide 186730?
False
Is 28840249 a multiple of 29?
False
Is 13449579 a multiple of 879?
True
Does 444 divide 1733206?
False
Is 135 a factor of 347211?
False
Does 17 divide 372105?
False
Is 317460 a multiple of 260?
True
Is 134933 a multiple of 59?
True
Is 696016 a multiple of 16?
True
Does 16 divide 8358?
False
Does 49 divide 125734?
True
Is 299 a factor of 30797?
True
Is 9641741 a multiple of 641?
False
Does 9 divide 31248?
True
Is 4 a factor of 47254?
False
Is 22853881 a multiple of 248?
False
Is 22 a factor of 19444035?
False
Does 4 divide 64237?
False
Is 2 a factor of 1104874?
True
Is 24 a factor of 8348?
False
Does 61 divide 555832?
True
Does 66 divide 347886?
True
Does 148 divide 171623?
False
Does 9 divide 329022?
True
Is 2184119 a multiple of 30?
False
Does 4 divide 936?
True
Does 163 divide 407034?
False
Is 461 a factor of 784242?
False
Does 14 divide 3384010?
True
Is 5 a factor of 4692?
False
Is 181697 a multiple of 14?
False
Is 33 a factor of 21902?
False
Is 17438 a multiple of 20?
False
Is 37 a factor of 470196?
True
Does 132 divide 92928?
True
Does 19 divide 1295233?
False
Is 325759 a multiple of 46?
False
Is 91 a factor of 28217735?
True
Does 10 divide 245?
False
Does 19 divide 163509?
False
Is 3419292 a multiple of 81?
False
Is 252 a factor of 6467?
False
Is 8574010 a multiple of 10?
True
Does 13 divide 30893993?
True
Is 99 a factor of 3812217?
False
Does 13 divide 79495?
True
Does 10 divide 364110?
True
Is 484851 a multiple of 82?
False
Is 19 a factor of 770438?
False
Is 185337 a multiple of 77?
False
Is 53 a factor of 1667062?
True
Does 397 divide 429607?
False
Is 11 a factor of 269701?
False
Is 180 a factor of 121860?
True
Is 28522 a multiple of 26?
True
Is 8 a factor of 380552?
True
Is 1132782 a multiple of 14?
True
Is 862 a factor of 38863997?
False
Is 2707619 a multiple of 784?
False
Does 31 divide 171058?
True
Is 23 a factor of 8613674?
False
Is 1403 a factor of 11756268?
False
Is 707185 a multiple of 6?
False
Is 33 a factor of 95403?
True
Is 15971234 a multiple of 51?
False
Does 599 divide 9594782?
True
Is 907359 a multiple of 2?
False
Is 630 a factor of 2526930?
True
Is 411848 a multiple of 8?
True
Is 122 a factor of 145906?
False
Is 30 a factor of 488970?
True
Does 5 divide 379428?
False
Is 62725 a multiple of 193?
True
Is 234990 a multiple of 90?
True
Is 38552 a multiple of 13?
False
Is 10 a factor of 211999?
False
Is 146 a factor of 1502874?
False
Does 286 divide 8577140?
True
Is 9 a factor of 353614?
False
Is 943 a factor of 12828572?
True
Does 758 divide 10464948?
True
Is 612 a factor of 14208372?
False
Is 79 a factor of 851225?
True
Does 94 divide 4385468?
False
Is 697057 a multiple of 135?
False
Is 1899680 a multiple of 5?
True
Is 107 a factor of 1477349?
True
Is 854024 a multiple of 98?
False
Is 680708 a multiple of 162?
False
Does 51 divide 131548?
False
Is 128262 a multiple of 3?
True
Is 35 a factor of 1567580?
True
Does 153 divide 895203?
True
Is 139 a factor of 862912?
True
Is 77985 a multiple of 11?
False
Is 27 a factor of 216297?
True
Is 16 a factor of 2828721?
False
Is 14253705 a multiple of 15?
True
Is 8056917 a multiple of 1429?
False
Is 1210484 a multiple of 242?
True
Is 11120304 a multiple of 624?
True
Is 8 a factor of 64482?
False
Does 105 divide 1945313?
False
Does 68 divide 172380?
True
Does 36 divide 137016?
True
Is 1450035 a multiple of 15?
True
Is 53956 a multiple of 159?
False
Is 1383690 a multiple of 42?
True
Is 171108 a multiple of 31?
False
Is 55815 a multiple of 231?
False
Is 2007 even?
False
Is 20633 a multiple of 29?
False
Is 923 a factor of 705172?
True
Does 191 divide 12235105?
False
Does 18 divide 350186?
False
Is 10729013 a multiple of 950?
False
Is 131 a factor of 442364?
False
Is 2534904 a multiple of 153?
True
Is 15061 a multiple of 3?
False
Is 37 a factor of 1125104?
False
Does 8 divide 189193?
False
Is 269 a factor of 1062655?
False
Is 43533 a multiple of 63?
True
Does 33 divide 169889?
False
Does 326 divide 432276?
True
Is 1755137 a multiple of 37?
False
Is 2565971 a multiple of 20?
False
Does 188 divide 98930?
False
Does 18 divide 13318524?
True
Is 334645 a multiple of 31?
True
Does 230 divide 283360?
True
Does 30 divide 17070?
True
Is 4987542 a multiple of 127?
False
Is 219392 a multiple of 64?
True
Does 277 divide 248469?
True
Does 4 divide 40181?
False
Is 213 a factor of 2904867?
False
Is 28 a factor of 226268?
True
Does 29 divide 969494?
False
Does 98 divide 452040?
False
Is 159783 a multiple of 39?
True
Does 1155 divide 1476090?
True
Is 16 a factor of 1764608?
True
Is 127607 a multiple of 947?
False
Is 23 a factor of 1763870?
True
Does 10 divide 648820?
True
Is 12960 a multiple of 240?
True
Is 20699612 a multiple of 614?
False
Is 212007 a multiple of 17?
True
Is 302663 a multiple of 402?
False
Is 49 a factor of 93835?
True
Is 28691 a multiple of 101?
False
Is 163 a factor of 233659?
False
Does 105 divide 2399672?
False
Is 17 a factor of 916780?
False
Does 3 divide 3133296?
True
Is 20 a factor of 17039140?
True
Is 95570 a multiple of 25?
False
Is 1686516 a multiple of 26?
True
Is 67 a factor of 267598?
True
Does 93 divide 57453?
False
Is 10 a factor of 206310?
True
Is 226 a factor of 6741936?
False
Does 12 divide 942468?
True
Is 258888 a multiple of 161?
True
Does 132 divide 63228?
True
Is 288 a factor of 19567296?
True
Is 24 a factor of 78480?
True
Is 216 a factor of 2847960?
True
Is 34280 even?
True
Is 9 a factor of 5653604?
False
Is 224602 a multiple of 14?
True
Does 71 divide 38198?
True
Is 149 a factor of 119647?
True
Is 12435696 a multiple of 91?
True
Does 39 divide 27963?
True
Is 419265 a multiple of 21?
True
Does 10 divide 99070?
True
Is 575016 a multiple of 78?
True
Is 53 a factor of 296350?
False
Is 713046 a multiple of 69?
True
Is 4389048 a multiple of 282?
True
Is 1715488 a multiple of 8?
True
Is 352 a factor of 410080?
True
Does 27 divide 446319?
False
Is 27095 a multiple of 9?
False
Is 26 a factor of 133094?
True
Does 86 divide 377626?
True
Is 13 a factor of 53469?
True
Does 895 divide 3986069?
False
Is 1488681 a multiple of 360?
False
Is 157 a factor of 3099269?
False
Does 62 divide 163284?
False
Is 347822 a multiple of 122?
True
Does 699 divide 579924?
False
Does 12 divide 2573496?
True
Does 291 divide 914904?
True
Is 241 a factor of 192084?
False
Is 2 a factor of 842797?
False
Does 119 divide 737938?
False
Is 33405 a multiple of 85?
True
Is 599885 a multiple of 143?
True
Does 289 divide 108233?
False
Does 39 divide 1278831?
False
Does 255 divide 2670197?
False
Does 245 divide 13254458?
False
Is 2662596 a multiple of 344?
False
Is 24 a factor of 29489?
False
Is 78 a factor of 28314?
True
Is 4 a factor of 233669?
False
Is 5 a factor of 99720?
True
Is 1661 a factor of 13131866?
True
Does 23 divide 629324?
False
Is 142 a factor of 129903?
False
Is 2070435 a multiple of 5?
True
Is 4276049 a multiple of 368?
False
Is 5 a factor of 250182?
False
Is 17 a factor of 39151?
True
Is 138954 a multiple of 261?
False
Is 45 a factor of 41378?
False
Is 1022441 a multiple of 200?
False
Is 3140 a multiple of 17?
False
Is 4321708 a multiple of 353?
False
Is 16 a factor of 48912?
True
Does 3 divide 13798?
False
Is 11060 a multiple of 20?
True
Is 1766528 a multiple of 394?
False
Does 220 divide 46127?
False
Is 1010664 a multiple of 339?
False
Is 18 a factor of 15879744?
True
Is 1681829 a multiple of 332?
False
Is 406 even?
True
Does 228 divide 3241704?
True
Is 400 a factor of 6166966?
False
Does 6 divide 202440?
True
Is 137241 a multiple of 23?
True
Does 338 divide 24162764?
False
Does 13 divide 1334346?
True
Does 72 divide 4783969?
False
Does 10 divide 156460?
True
Is 17 a factor of 21471?
True
Is 142788 a multiple of 12?
True
Does 6 divide 85068?
True
Is 21 a factor of 27278?
False
Does 153 divide 903924?
True
Is 155710 a multiple of 358?
False
Is 34301 a multiple of 36?
False
Is 267 a factor of 4258917?
True
Is 552398 a multiple of 7?
True
Does 7 divide 1878570?
False
Is 4834174 a 